{"id":24,"date":"2025-05-30T08:00:39","date_gmt":"2025-05-30T05:00:39","guid":{"rendered":"http:\/\/3adanismanlik.com\/?page_id=24"},"modified":"2025-06-28T15:47:00","modified_gmt":"2025-06-28T12:47:00","slug":"hizmetlerimiz","status":"publish","type":"page","link":"https:\/\/3adanismanlik.com\/index.php\/hizmetlerimiz\/","title":{"rendered":"H\u0130ZMETLER\u0130M\u0130Z"},"content":{"rendered":"\n<div class=\"row\"  id=\"row-1569503393\">\n\n\n\t<div id=\"col-1663874978\" class=\"col medium-4 small-12 large-4\"  >\n\t\t\t\t<div class=\"col-inner\"  >\n\t\t\t\n\t\t\t\n\n\t<div class=\"img has-hover x md-x lg-x y md-y lg-y\" id=\"image_1878361228\">\n\t\t\t\t\t\t\t\t<div class=\"img-inner dark\" >\n\t\t\t<img loading=\"lazy\" decoding=\"async\" width=\"1020\" height=\"574\" src=\"https:\/\/3adanismanlik.com\/wp-content\/uploads\/2025\/06\/Adsiz-tasarim-2025-06-28T153731.552-1024x576.png\" class=\"attachment-large size-large\" alt=\"\" srcset=\"https:\/\/3adanismanlik.com\/wp-content\/uploads\/2025\/06\/Adsiz-tasarim-2025-06-28T153731.552-1024x576.png 1024w, https:\/\/3adanismanlik.com\/wp-content\/uploads\/2025\/06\/Adsiz-tasarim-2025-06-28T153731.552-300x169.png 300w, https:\/\/3adanismanlik.com\/wp-content\/uploads\/2025\/06\/Adsiz-tasarim-2025-06-28T153731.552-768x432.png 768w, https:\/\/3adanismanlik.com\/wp-content\/uploads\/2025\/06\/Adsiz-tasarim-2025-06-28T153731.552-1536x864.png 1536w, https:\/\/3adanismanlik.com\/wp-content\/uploads\/2025\/06\/Adsiz-tasarim-2025-06-28T153731.552.png 1920w\" sizes=\"auto, (max-width: 1020px) 100vw, 1020px\" \/>\t\t\t\t\t\t\n\t\t\t\t\t<\/div>\n\t\t\t\t\t\t\t\t\n<style>\n#image_1878361228 {\n  width: 100%;\n}\n<\/style>\n\t<\/div>\n\t\n\n<div class=\"container section-title-container\" ><h3 class=\"section-title section-title-center\"><b><\/b><span class=\"section-title-main\" >Y\u00f6netim Dan\u0131\u015fmanl\u0131\u011f\u0131<\/span><b><\/b><\/h3><\/div>\n\n<p>Ama\u00e7: Kurumsal yap\u0131y\u0131 g\u00fc\u00e7lendirmek, i\u015f s\u00fcre\u00e7lerini iyile\u015ftirmek ve s\u00fcrd\u00fcr\u00fclebilir ba\u015far\u0131 sa\u011flamak.<br \/>Hizmet Kapsam\u0131:<\/p>\n<p>Organizasyonel yap\u0131lanma ve yeniden yap\u0131land\u0131rma<\/p>\n<p>Stratejik planlama ve hedef belirleme<\/p>\n<p>S\u00fcre\u00e7 analizi ve verimlilik art\u0131rma<\/p>\n<p>Performans y\u00f6netim sistemleri kurulumu<\/p>\n<p>Kurumsal y\u00f6netim ilkeleri entegrasyonu<\/p>\n\n\t\t<\/div>\n\t\t\t\t\t<\/div>\n\n\t\n\n\t<div id=\"col-852805226\" class=\"col medium-4 small-12 large-4\"  >\n\t\t\t\t<div class=\"col-inner\"  >\n\t\t\t\n\t\t\t\n\n\t<div class=\"img has-hover x md-x lg-x y md-y lg-y\" id=\"image_249441330\">\n\t\t\t\t\t\t\t\t<div class=\"img-inner dark\" >\n\t\t\t<img loading=\"lazy\" decoding=\"async\" width=\"1020\" height=\"574\" src=\"https:\/\/3adanismanlik.com\/wp-content\/uploads\/2025\/06\/Adsiz-tasarim-2025-06-28T153831.685-1024x576.png\" class=\"attachment-large size-large\" alt=\"\" srcset=\"https:\/\/3adanismanlik.com\/wp-content\/uploads\/2025\/06\/Adsiz-tasarim-2025-06-28T153831.685-1024x576.png 1024w, https:\/\/3adanismanlik.com\/wp-content\/uploads\/2025\/06\/Adsiz-tasarim-2025-06-28T153831.685-300x169.png 300w, https:\/\/3adanismanlik.com\/wp-content\/uploads\/2025\/06\/Adsiz-tasarim-2025-06-28T153831.685-768x432.png 768w, https:\/\/3adanismanlik.com\/wp-content\/uploads\/2025\/06\/Adsiz-tasarim-2025-06-28T153831.685-1536x864.png 1536w, https:\/\/3adanismanlik.com\/wp-content\/uploads\/2025\/06\/Adsiz-tasarim-2025-06-28T153831.685.png 1920w\" sizes=\"auto, (max-width: 1020px) 100vw, 1020px\" \/>\t\t\t\t\t\t\n\t\t\t\t\t<\/div>\n\t\t\t\t\t\t\t\t\n<style>\n#image_249441330 {\n  width: 100%;\n}\n<\/style>\n\t<\/div>\n\t\n\n<div class=\"container section-title-container\" ><h3 class=\"section-title section-title-center\"><b><\/b><span class=\"section-title-main\" >Finansal Dan\u0131\u015fmanl\u0131k<\/span><b><\/b><\/h3><\/div>\n\n<p>Ama\u00e7: Finansal sa\u011fl\u0131\u011f\u0131 korumak, riskleri minimize etmek ve yat\u0131r\u0131m de\u011ferini art\u0131rmak.<br \/>Hizmet Kapsam\u0131:<\/p>\n<p>B\u00fct\u00e7eleme ve nakit ak\u0131\u015f\u0131 planlamas\u0131<\/p>\n<p>Finansal tablolar analizi ve raporlama<\/p>\n<p>Yat\u0131r\u0131m fizibilite \u00e7al\u0131\u015fmalar\u0131<\/p>\n<p>Kredi yap\u0131land\u0131rma ve finansman modelleri<\/p>\n<p>Maliyet kontrol sistemleri<\/p>\n\n\t\t<\/div>\n\t\t\t\t\t<\/div>\n\n\t\n\n\t<div id=\"col-757952975\" class=\"col medium-4 small-12 large-4\"  >\n\t\t\t\t<div class=\"col-inner\"  >\n\t\t\t\n\t\t\t\n\n\t<div class=\"img has-hover x md-x lg-x y md-y lg-y\" id=\"image_419539284\">\n\t\t\t\t\t\t\t\t<div class=\"img-inner dark\" >\n\t\t\t<img loading=\"lazy\" decoding=\"async\" width=\"1020\" height=\"574\" src=\"https:\/\/3adanismanlik.com\/wp-content\/uploads\/2025\/06\/Adsiz-tasarim-2025-06-28T153939.390-1024x576.png\" class=\"attachment-large size-large\" alt=\"\" srcset=\"https:\/\/3adanismanlik.com\/wp-content\/uploads\/2025\/06\/Adsiz-tasarim-2025-06-28T153939.390-1024x576.png 1024w, https:\/\/3adanismanlik.com\/wp-content\/uploads\/2025\/06\/Adsiz-tasarim-2025-06-28T153939.390-300x169.png 300w, https:\/\/3adanismanlik.com\/wp-content\/uploads\/2025\/06\/Adsiz-tasarim-2025-06-28T153939.390-768x432.png 768w, https:\/\/3adanismanlik.com\/wp-content\/uploads\/2025\/06\/Adsiz-tasarim-2025-06-28T153939.390-1536x864.png 1536w, https:\/\/3adanismanlik.com\/wp-content\/uploads\/2025\/06\/Adsiz-tasarim-2025-06-28T153939.390.png 1920w\" sizes=\"auto, (max-width: 1020px) 100vw, 1020px\" \/>\t\t\t\t\t\t\n\t\t\t\t\t<\/div>\n\t\t\t\t\t\t\t\t\n<style>\n#image_419539284 {\n  width: 100%;\n}\n<\/style>\n\t<\/div>\n\t\n\n<div class=\"container section-title-container\" ><h3 class=\"section-title section-title-center\"><b><\/b><span class=\"section-title-main\" >Proje Dan\u0131\u015fmanl\u0131\u011f\u0131 ve Uygulama Y\u00f6netimi<\/span><b><\/b><\/h3><\/div>\n\n<p>Ama\u00e7: Projelerin hedeflere uygun \u015fekilde, zaman\u0131nda ve b\u00fct\u00e7eye uygun tamamlanmas\u0131n\u0131 sa\u011flamak.<br \/>Hizmet Kapsam\u0131:<\/p>\n<p>Proje planlama ve zaman \u00e7izelgesi olu\u015fturma<\/p>\n<p>Risk analizi ve kriz y\u00f6netimi<\/p>\n<p>Tedarik\u00e7i ve kaynak y\u00f6netimi<\/p>\n<p>S\u00fcre\u00e7 takibi ve raporlama<\/p>\n<p>Proje sonras\u0131 de\u011ferlendirme ve iyile\u015ftirme<\/p>\n\n\t\t<\/div>\n\t\t\t\t\t<\/div>\n\n\t\n\n<\/div>\n<div class=\"row\"  id=\"row-448107158\">\n\n\n\t<div id=\"col-455571742\" class=\"col medium-4 small-12 large-4\"  >\n\t\t\t\t<div class=\"col-inner\"  >\n\t\t\t\n\t\t\t\n\n\t<div class=\"img has-hover x md-x lg-x y md-y lg-y\" id=\"image_722906477\">\n\t\t\t\t\t\t\t\t<div class=\"img-inner dark\" >\n\t\t\t<img loading=\"lazy\" decoding=\"async\" width=\"1020\" height=\"574\" src=\"https:\/\/3adanismanlik.com\/wp-content\/uploads\/2025\/06\/Adsiz-tasarim-2025-06-28T154024.938-1024x576.png\" class=\"attachment-large size-large\" alt=\"\" srcset=\"https:\/\/3adanismanlik.com\/wp-content\/uploads\/2025\/06\/Adsiz-tasarim-2025-06-28T154024.938-1024x576.png 1024w, https:\/\/3adanismanlik.com\/wp-content\/uploads\/2025\/06\/Adsiz-tasarim-2025-06-28T154024.938-300x169.png 300w, https:\/\/3adanismanlik.com\/wp-content\/uploads\/2025\/06\/Adsiz-tasarim-2025-06-28T154024.938-768x432.png 768w, https:\/\/3adanismanlik.com\/wp-content\/uploads\/2025\/06\/Adsiz-tasarim-2025-06-28T154024.938-1536x864.png 1536w, https:\/\/3adanismanlik.com\/wp-content\/uploads\/2025\/06\/Adsiz-tasarim-2025-06-28T154024.938.png 1920w\" sizes=\"auto, (max-width: 1020px) 100vw, 1020px\" \/>\t\t\t\t\t\t\n\t\t\t\t\t<\/div>\n\t\t\t\t\t\t\t\t\n<style>\n#image_722906477 {\n  width: 100%;\n}\n<\/style>\n\t<\/div>\n\t\n\n<div class=\"container section-title-container\" ><h3 class=\"section-title section-title-center\"><b><\/b><span class=\"section-title-main\" >Gayrimenkul Dan\u0131\u015fmanl\u0131\u011f\u0131<\/span><b><\/b><\/h3><\/div>\n\n<p>Ama\u00e7: Do\u011fru yat\u0131r\u0131m kararlar\u0131 ile maksimum kazan\u00e7 elde edilmesini sa\u011flamak.<br \/>Hizmet Kapsam\u0131:<\/p>\n<p>Arsa, konut ve ticari m\u00fclk de\u011ferlendirmesi<\/p>\n<p>Pazar ara\u015ft\u0131rmas\u0131 ve de\u011ferleme raporlar\u0131<\/p>\n<p>Sat\u0131\u015f, kiralama ve yat\u0131r\u0131m dan\u0131\u015fmanl\u0131\u011f\u0131<\/p>\n<p>Proje geli\u015ftirme ve lansman planlama<\/p>\n<p>Tapu, imar ve resmi i\u015flemlerde destek<\/p>\n\n\t\t<\/div>\n\t\t\t\t\t<\/div>\n\n\t\n\n\t<div id=\"col-1094895883\" class=\"col medium-4 small-12 large-4\"  >\n\t\t\t\t<div class=\"col-inner\"  >\n\t\t\t\n\t\t\t\n\n\t<div class=\"img has-hover x md-x lg-x y md-y lg-y\" id=\"image_619769526\">\n\t\t\t\t\t\t\t\t<div class=\"img-inner dark\" >\n\t\t\t<img loading=\"lazy\" decoding=\"async\" width=\"1020\" height=\"574\" src=\"https:\/\/3adanismanlik.com\/wp-content\/uploads\/2025\/06\/Adsiz-tasarim-2025-06-28T154239.881-1024x576.png\" class=\"attachment-large size-large\" alt=\"\" srcset=\"https:\/\/3adanismanlik.com\/wp-content\/uploads\/2025\/06\/Adsiz-tasarim-2025-06-28T154239.881-1024x576.png 1024w, https:\/\/3adanismanlik.com\/wp-content\/uploads\/2025\/06\/Adsiz-tasarim-2025-06-28T154239.881-300x169.png 300w, https:\/\/3adanismanlik.com\/wp-content\/uploads\/2025\/06\/Adsiz-tasarim-2025-06-28T154239.881-768x432.png 768w, https:\/\/3adanismanlik.com\/wp-content\/uploads\/2025\/06\/Adsiz-tasarim-2025-06-28T154239.881-1536x864.png 1536w, https:\/\/3adanismanlik.com\/wp-content\/uploads\/2025\/06\/Adsiz-tasarim-2025-06-28T154239.881.png 1920w\" sizes=\"auto, (max-width: 1020px) 100vw, 1020px\" \/>\t\t\t\t\t\t\n\t\t\t\t\t<\/div>\n\t\t\t\t\t\t\t\t\n<style>\n#image_619769526 {\n  width: 100%;\n}\n<\/style>\n\t<\/div>\n\t\n\n<div class=\"container section-title-container\" ><h3 class=\"section-title section-title-center\"><b><\/b><span class=\"section-title-main\" >Uluslararas\u0131 Fuar ve Kongre Dan\u0131\u015fmanl\u0131\u011f\u0131<\/span><b><\/b><\/h3><\/div>\n\n<p>Ama\u00e7: \u015eirketlerin k\u00fcresel pazarda g\u00f6r\u00fcn\u00fcrl\u00fc\u011f\u00fcn\u00fc art\u0131rmak ve yeni i\u015f birlikleri kurmak.<br \/>Hizmet Kapsam\u0131:<\/p>\n<p>Fuar ve kongre planlama ve temsil<\/p>\n<p>Kat\u0131l\u0131m organizasyonu ve stant y\u00f6netimi<\/p>\n<p>Uluslararas\u0131 i\u015f ba\u011flant\u0131lar\u0131 kurulmas\u0131<\/p>\n<p>Sponsorluk ve tan\u0131t\u0131m stratejileri<\/p>\n<p>Lojistik ve operasyonel destek<\/p>\n\n\t\t<\/div>\n\t\t\t\t\t<\/div>\n\n\t\n\n\t<div id=\"col-1415410522\" class=\"col medium-4 small-12 large-4\"  >\n\t\t\t\t<div class=\"col-inner\"  >\n\t\t\t\n\t\t\t\n\n\t<div class=\"img has-hover x md-x lg-x y md-y lg-y\" id=\"image_1821350721\">\n\t\t\t\t\t\t\t\t<div class=\"img-inner dark\" >\n\t\t\t<img loading=\"lazy\" decoding=\"async\" width=\"1020\" height=\"574\" src=\"https:\/\/3adanismanlik.com\/wp-content\/uploads\/2025\/06\/Adsiz-tasarim-2025-06-28T154401.799-1024x576.png\" class=\"attachment-large size-large\" alt=\"\" srcset=\"https:\/\/3adanismanlik.com\/wp-content\/uploads\/2025\/06\/Adsiz-tasarim-2025-06-28T154401.799-1024x576.png 1024w, https:\/\/3adanismanlik.com\/wp-content\/uploads\/2025\/06\/Adsiz-tasarim-2025-06-28T154401.799-300x169.png 300w, https:\/\/3adanismanlik.com\/wp-content\/uploads\/2025\/06\/Adsiz-tasarim-2025-06-28T154401.799-768x432.png 768w, https:\/\/3adanismanlik.com\/wp-content\/uploads\/2025\/06\/Adsiz-tasarim-2025-06-28T154401.799-1536x864.png 1536w, https:\/\/3adanismanlik.com\/wp-content\/uploads\/2025\/06\/Adsiz-tasarim-2025-06-28T154401.799.png 1920w\" sizes=\"auto, (max-width: 1020px) 100vw, 1020px\" \/>\t\t\t\t\t\t\n\t\t\t\t\t<\/div>\n\t\t\t\t\t\t\t\t\n<style>\n#image_1821350721 {\n  width: 100%;\n}\n<\/style>\n\t<\/div>\n\t\n\n<div class=\"container section-title-container\" ><h3 class=\"section-title section-title-center\"><b><\/b><span class=\"section-title-main\" >Turizm ve Otelcilik Dan\u0131\u015fmanl\u0131\u011f\u0131<\/span><b><\/b><\/h3><\/div>\n\n<p>Ama\u00e7: Turizm sekt\u00f6r\u00fcne yat\u0131r\u0131m yapmak isteyen firmalara stratejik y\u00f6nlendirme sunmak.<br \/>Hizmet Kapsam\u0131:<\/p>\n<p>Otel al\u0131m-sat\u0131m ve yat\u0131r\u0131m fizibilitesi<\/p>\n<p>Turizm yat\u0131r\u0131mlar\u0131 i\u00e7in arazi de\u011ferlendirme<\/p>\n<p>Konsept ve marka dan\u0131\u015fmanl\u0131\u011f\u0131<\/p>\n<p>Operasyonel yap\u0131land\u0131rma<\/p>\n<p>Uluslararas\u0131 pazarlama deste\u011fi<\/p>\n\n\t\t<\/div>\n\t\t\t\t\t<\/div>\n\n\t\n\n<\/div>\n<div class=\"row\"  id=\"row-2078785032\">\n\n\n\t<div id=\"col-1491025812\" class=\"col medium-6 small-12 large-6\"  >\n\t\t\t\t<div class=\"col-inner\"  >\n\t\t\t\n\t\t\t\n\n\t<div class=\"img has-hover x md-x lg-x y md-y lg-y\" id=\"image_479558655\">\n\t\t\t\t\t\t\t\t<div class=\"img-inner dark\" >\n\t\t\t<img loading=\"lazy\" decoding=\"async\" width=\"739\" height=\"415\" src=\"https:\/\/3adanismanlik.com\/wp-content\/uploads\/2025\/05\/services_banner_2811422575.jpeg\" class=\"attachment-large size-large\" alt=\"\" srcset=\"https:\/\/3adanismanlik.com\/wp-content\/uploads\/2025\/05\/services_banner_2811422575.jpeg 739w, https:\/\/3adanismanlik.com\/wp-content\/uploads\/2025\/05\/services_banner_2811422575-300x168.jpeg 300w\" sizes=\"auto, (max-width: 739px) 100vw, 739px\" \/>\t\t\t\t\t\t\n\t\t\t\t\t<\/div>\n\t\t\t\t\t\t\t\t\n<style>\n#image_479558655 {\n  width: 100%;\n}\n<\/style>\n\t<\/div>\n\t\n\n<div class=\"container section-title-container\" ><h3 class=\"section-title section-title-center\"><b><\/b><span class=\"section-title-main\" >Kimya ve End\u00fcstriyel \u00c7\u00f6z\u00fcmler Dan\u0131\u015fmanl\u0131\u011f\u0131<\/span><b><\/b><\/h3><\/div>\n\n\t<div id=\"text-2876649213\" class=\"text\">\n\t\t\n\n<p>Ama\u00e7: Kimya sekt\u00f6r\u00fcnde \u00fcretim, tedarik ve mevzuata uygun s\u00fcre\u00e7leri y\u00f6netmek.<br \/>Hizmet Kapsam\u0131:<\/p>\n<p>Kimyasal \u00fcr\u00fcn \u00fcretim ve tedarik zinciri analizi<\/p>\n<p>Ar-Ge destekli \u00fcr\u00fcn geli\u015ftirme<\/p>\n<p>Yasal mevzuat uyumlulu\u011fu<\/p>\n<p>End\u00fcstriyel proses optimizasyonu<\/p>\n<p>Lisans, belge ve ruhsat i\u015flemleri<\/p>\n\t\t\n<style>\n#text-2876649213 {\n  font-size: 1rem;\n}\n<\/style>\n\t<\/div>\n\t\n\n\t\t<\/div>\n\t\t\t\t\t<\/div>\n\n\t\n\n\t<div id=\"col-1293678478\" class=\"col medium-6 small-12 large-6\"  >\n\t\t\t\t<div class=\"col-inner\"  >\n\t\t\t\n\t\t\t\n\n\t<div class=\"img has-hover x md-x lg-x y md-y lg-y\" id=\"image_719081088\">\n\t\t\t\t\t\t\t\t<div class=\"img-inner dark\" >\n\t\t\t<img loading=\"lazy\" decoding=\"async\" width=\"1020\" height=\"574\" src=\"https:\/\/3adanismanlik.com\/wp-content\/uploads\/2025\/06\/Adsiz-tasarim-2025-06-28T154456.820-1024x576.png\" class=\"attachment-large size-large\" alt=\"\" srcset=\"https:\/\/3adanismanlik.com\/wp-content\/uploads\/2025\/06\/Adsiz-tasarim-2025-06-28T154456.820-1024x576.png 1024w, https:\/\/3adanismanlik.com\/wp-content\/uploads\/2025\/06\/Adsiz-tasarim-2025-06-28T154456.820-300x169.png 300w, https:\/\/3adanismanlik.com\/wp-content\/uploads\/2025\/06\/Adsiz-tasarim-2025-06-28T154456.820-768x432.png 768w, https:\/\/3adanismanlik.com\/wp-content\/uploads\/2025\/06\/Adsiz-tasarim-2025-06-28T154456.820-1536x864.png 1536w, https:\/\/3adanismanlik.com\/wp-content\/uploads\/2025\/06\/Adsiz-tasarim-2025-06-28T154456.820.png 1920w\" sizes=\"auto, (max-width: 1020px) 100vw, 1020px\" \/>\t\t\t\t\t\t\n\t\t\t\t\t<\/div>\n\t\t\t\t\t\t\t\t\n<style>\n#image_719081088 {\n  width: 100%;\n}\n<\/style>\n\t<\/div>\n\t\n\n<div class=\"container section-title-container\" ><h3 class=\"section-title section-title-center\"><b><\/b><span class=\"section-title-main\" >Zehirli Madde ve Akrep Zehri Dan\u0131\u015fmanl\u0131\u011f\u0131<\/span><b><\/b><\/h3><\/div>\n\n\t<div id=\"text-2661479584\" class=\"text\">\n\t\t\n\n<p>Ama\u00e7: Y\u00fcksek de\u011ferli biyo-\u00fcr\u00fcnlerin \u00fcretimi ve global pazara sunumu.<br \/>Hizmet Kapsam\u0131:<\/p>\n<p>Akrep \u00e7iftli\u011fi kurulumu ve \u00fcretim planlamas\u0131<\/p>\n<p>Zehir sa\u011f\u0131m\u0131, saklama ve i\u015fleme s\u00fcre\u00e7leri<\/p>\n<p>Uluslararas\u0131 ihracat mevzuat\u0131 dan\u0131\u015fmanl\u0131\u011f\u0131<\/p>\n<p>Al\u0131c\u0131 firma ba\u011flant\u0131lar\u0131 kurulmas\u0131<\/p>\n<p>Bilimsel i\u015f birlikleri ve AR-GE y\u00f6nlendirmesi<\/p>\n\t\t\n<style>\n#text-2661479584 {\n  font-size: 1rem;\n}\n<\/style>\n\t<\/div>\n\t\n\n\t\t<\/div>\n\t\t\t\t\t<\/div>\n\n\t\n\n<\/div>\n<div class=\"row\"  id=\"row-1641704558\">\n\n\n\t<div id=\"col-1102575352\" class=\"col medium-6 small-12 large-6\"  >\n\t\t\t\t<div class=\"col-inner\"  >\n\t\t\t\n\t\t\t\n\n\t<div class=\"img has-hover x md-x lg-x y md-y lg-y\" id=\"image_1976747803\">\n\t\t\t\t\t\t\t\t<div class=\"img-inner dark\" >\n\t\t\t<img loading=\"lazy\" decoding=\"async\" width=\"1020\" height=\"574\" src=\"https:\/\/3adanismanlik.com\/wp-content\/uploads\/2025\/06\/Adsiz-tasarim-2025-06-28T154542.168-1024x576.png\" class=\"attachment-large size-large\" alt=\"\" srcset=\"https:\/\/3adanismanlik.com\/wp-content\/uploads\/2025\/06\/Adsiz-tasarim-2025-06-28T154542.168-1024x576.png 1024w, https:\/\/3adanismanlik.com\/wp-content\/uploads\/2025\/06\/Adsiz-tasarim-2025-06-28T154542.168-300x169.png 300w, https:\/\/3adanismanlik.com\/wp-content\/uploads\/2025\/06\/Adsiz-tasarim-2025-06-28T154542.168-768x432.png 768w, https:\/\/3adanismanlik.com\/wp-content\/uploads\/2025\/06\/Adsiz-tasarim-2025-06-28T154542.168-1536x864.png 1536w, https:\/\/3adanismanlik.com\/wp-content\/uploads\/2025\/06\/Adsiz-tasarim-2025-06-28T154542.168.png 1920w\" sizes=\"auto, (max-width: 1020px) 100vw, 1020px\" \/>\t\t\t\t\t\t\n\t\t\t\t\t<\/div>\n\t\t\t\t\t\t\t\t\n<style>\n#image_1976747803 {\n  width: 100%;\n}\n<\/style>\n\t<\/div>\n\t\n\n<div class=\"container section-title-container\" ><h3 class=\"section-title section-title-center\"><b><\/b><span class=\"section-title-main\" >Yat\u0131r\u0131m ve Ortakl\u0131k Geli\u015ftirme<\/span><b><\/b><\/h3><\/div>\n\n\t<div id=\"text-3956927128\" class=\"text\">\n\t\t\n\n<p>Ama\u00e7: Projelere uygun yat\u0131r\u0131mc\u0131larla i\u015f ortakl\u0131klar\u0131 kurmak.<br \/>Hizmet Kapsam\u0131:<\/p>\n<p>Yerli ve yabanc\u0131 yat\u0131r\u0131mc\u0131 temini<\/p>\n<p>\u0130\u015f ortakl\u0131\u011f\u0131 modeli geli\u015ftirme<\/p>\n<p>S\u00f6zle\u015fme ve mutabakat s\u00fcre\u00e7 y\u00f6netimi<\/p>\n<p>Proje sunumu ve ikna stratejileri<\/p>\n<p>Ortakl\u0131k sonras\u0131 y\u00f6netim deste\u011fi<\/p>\n\t\t\n<style>\n#text-3956927128 {\n  font-size: 1rem;\n}\n<\/style>\n\t<\/div>\n\t\n\n\t\t<\/div>\n\t\t\t\t\t<\/div>\n\n\t\n\n\t<div id=\"col-1487517174\" class=\"col medium-6 small-12 large-6\"  >\n\t\t\t\t<div class=\"col-inner\"  >\n\t\t\t\n\t\t\t\n\n\t<div class=\"img has-hover x md-x lg-x y md-y lg-y\" id=\"image_1007626807\">\n\t\t\t\t\t\t\t\t<div class=\"img-inner dark\" >\n\t\t\t<img loading=\"lazy\" decoding=\"async\" width=\"1020\" height=\"574\" src=\"https:\/\/3adanismanlik.com\/wp-content\/uploads\/2025\/06\/Adsiz-tasarim-2025-06-28T154635.430-1024x576.png\" class=\"attachment-large size-large\" alt=\"\" srcset=\"https:\/\/3adanismanlik.com\/wp-content\/uploads\/2025\/06\/Adsiz-tasarim-2025-06-28T154635.430-1024x576.png 1024w, https:\/\/3adanismanlik.com\/wp-content\/uploads\/2025\/06\/Adsiz-tasarim-2025-06-28T154635.430-300x169.png 300w, https:\/\/3adanismanlik.com\/wp-content\/uploads\/2025\/06\/Adsiz-tasarim-2025-06-28T154635.430-768x432.png 768w, https:\/\/3adanismanlik.com\/wp-content\/uploads\/2025\/06\/Adsiz-tasarim-2025-06-28T154635.430-1536x864.png 1536w, https:\/\/3adanismanlik.com\/wp-content\/uploads\/2025\/06\/Adsiz-tasarim-2025-06-28T154635.430.png 1920w\" sizes=\"auto, (max-width: 1020px) 100vw, 1020px\" \/>\t\t\t\t\t\t\n\t\t\t\t\t<\/div>\n\t\t\t\t\t\t\t\t\n<style>\n#image_1007626807 {\n  width: 100%;\n}\n<\/style>\n\t<\/div>\n\t\n\n<div class=\"container section-title-container\" ><h3 class=\"section-title section-title-center\"><b><\/b><span class=\"section-title-main\" >Kurumsal E\u011fitim ve \u0130nsan Kaynaklar\u0131 Dan\u0131\u015fmanl\u0131\u011f\u0131<\/span><b><\/b><\/h3><\/div>\n\n\t<div id=\"text-2732045529\" class=\"text\">\n\t\t\n\n<p>Ama\u00e7: \u0130nsan kayna\u011f\u0131n\u0131 stratejik g\u00fcce d\u00f6n\u00fc\u015ft\u00fcrmek.<br \/>Hizmet Kapsam\u0131:<\/p>\n<p>E\u011fitim ihtiya\u00e7 analizi<\/p>\n<p>Liderlik ve ekip \u00e7al\u0131\u015fmas\u0131 e\u011fitimleri<\/p>\n<p>\u0130K politikas\u0131 ve s\u00fcre\u00e7 olu\u015fturma<\/p>\n<p>Performans de\u011ferlendirme sistemleri<\/p>\n<p>Kurum i\u00e7i ileti\u015fim ve motivasyon geli\u015ftirme<\/p>\n\t\t\n<style>\n#text-2732045529 {\n  font-size: 1rem;\n}\n<\/style>\n\t<\/div>\n\t\n\n\t\t<\/div>\n\t\t\t\t\t<\/div>\n\n\t\n\n<\/div>\n\n","protected":false},"excerpt":{"rendered":"","protected":false},"author":1,"featured_media":0,"parent":0,"menu_order":0,"comment_status":"closed","ping_status":"closed","template":"","meta":{"footnotes":""},"class_list":["post-24","page","type-page","status-publish","hentry"],"_links":{"self":[{"href":"https:\/\/3adanismanlik.com\/index.php\/wp-json\/wp\/v2\/pages\/24","targetHints":{"allow":["GET"]}}],"collection":[{"href":"https:\/\/3adanismanlik.com\/index.php\/wp-json\/wp\/v2\/pages"}],"about":[{"href":"https:\/\/3adanismanlik.com\/index.php\/wp-json\/wp\/v2\/types\/page"}],"author":[{"embeddable":true,"href":"https:\/\/3adanismanlik.com\/index.php\/wp-json\/wp\/v2\/users\/1"}],"replies":[{"embeddable":true,"href":"https:\/\/3adanismanlik.com\/index.php\/wp-json\/wp\/v2\/comments?post=24"}],"version-history":[{"count":10,"href":"https:\/\/3adanismanlik.com\/index.php\/wp-json\/wp\/v2\/pages\/24\/revisions"}],"predecessor-version":[{"id":121,"href":"https:\/\/3adanismanlik.com\/index.php\/wp-json\/wp\/v2\/pages\/24\/revisions\/121"}],"wp:attachment":[{"href":"https:\/\/3adanismanlik.com\/index.php\/wp-json\/wp\/v2\/media?parent=24"}],"curies":[{"name":"wp","href":"https:\/\/api.w.org\/{rel}","templated":true}]}}